= -v*f - 2*f. Calculate u(f).
-7
Let m(x) = 5*x**2 - 200*x - 1927. Let u be m(48). Let b(t) = 1 + 3*t + 2*t**2 - 10*t - 10*t**2 - t**3. Give b(u).
1
Let c(v) = -4*v**2 - 9*v + 9. Let p(w) = -2*w**2 - 4*w + 4. Suppose -26 = -6*r - 20. Let f be 8*(r + 15/(-24)). Let q(n) = f*c(n) - 7*p(n). Give q(-3).
14
Suppose 5*x = 5*j - 5, -2*j + 2*x = 3*j - 17. Suppose 5*k = 5*t - 4*t - 12, 2 = -k. Let y(u) = 54*u + u**2 - 54*u - 2*u**t - 3. Calculate y(j).
-28
Let d(r) = -79 - 8*r + 70*r - r**3 + 6*r**2 - 36*r**2 + 20. Determine d(-32).
5
Let l(f) be the second derivative of f**5/2 - f**3/6 - f**2/2 + 64*f. Let o be l(1). Let r(x) = x - 4. Give r(o).
4
Let l(j) be the first derivative of j**6/120 + j**5/60 + j**4/24 + j**3/3 - 64*j**2 + j + 185. Let v(u) be the second derivative of l(u). Give v(0).
2
Let y(o) = -156 - 16 + 46*o + 12 + o**2 - 39*o - 71. What is y(12)?
-3
Let h(q) be the second derivative of -1/30*q**5 + 0*q**2 - 26*q + 0 - 1/12*q**4 - 3/2*q**3. Let k(i) be the second derivative of h(i). Give k(5).
-22
Let g(d) = -4*d**3 - 4*d**2 + 6*d + 1. Let c(w) = -w**3 - w**2 - 1. Let p(t) = -3*c(t) + g(t). Give p(-3).
4
Let n(h) = -h**3 + 10*h**2 - 11*h + 1. Let j(w) be the first derivative of 2*w**3/3 - 41*w - 346. Let a be j(-5). Calculate n(a).
-17
Let p(r) = -2*r**3 + 16*r**2 + 379*r - 345. Let j be p(18). Let m(l) = -3*l**3 - 4*l**2 + 0 + l**2 - 2 + 3*l. Determine m(j).
43
Let y(t) = 40*t - 21. Let h be y(2). Suppose -h + 71 = -4*l. Let j(w) = -w**3 - 5*w**2 - 5*w - 2. What is j(l)?
-5
Let l(u) = -4*u**3 + 9*u**2 + 22*u + 181. Let d(c) = -5*c**3 + 9*c**2 + 24*c + 214. Let k(p) = 5*d(p) - 6*l(p). Determine k(-6).
-52
Let h(z) = -17*z + 85. Let n(o) = 9*o - 58. Let s(m) = -3*h(m) - 5*n(m). Give s(-6).
-1
Let y be (-14)/(-4)*(-11)/(693/(-108)). Let q(f) = -33*f + 49. Let r(t) = -5*t + 8. Let b(u) = -4*q(u) + 26*r(u). Give b(y).
24
Let j(m) = -m**3 + 3*m**2 + 3*m - 10. Let t = 6321 - 6318. Calculate j(t).
-1
Let y(w) = -16*w**3 + 7*w**2 + 5*w + 9. Let b(o) = -9*o**3 + 5*o**2 + 3*o + 4. Let r(c) = -9*b(c) + 5*y(c). Give r(10).
-11
Let n(b) = 27*b**2 + 57*b + 71. Let k(j) = 71*j**2 + 152*j + 190. Let f(z) = -8*k(z) + 21*n(z). Determine f(-18).
-11
Let x(t) = -t - 25 + 49 - 2 + 5 + 5*t. Let q(b) = 2*b + 4. Let n be q(-5). What is x(n)?
3
Let h(z) = -z**2 - 6*z - 4. Let k(b) = 2*b**2 + 11*b + 7. Let p(a) = 7*h(a) + 4*k(a). Suppose 4275*y - 12180 = 4268*y. Let m = -1741 + y. Give p(m).
-1
Let c = -1 - -7. Let p(t) = -2*t + 1. Let n(m) be the first derivative of -9*m**2/2 - 3*m + 86. Let z(w) = -n(w) + 5*p(w). Determine z(c).
2
Let f(r) = 7*r**3 - 21*r**2 + 7*r + 20. Let v(p) = -15*p**3 + 44*p**2 - 15*p - 42. Let w(y) = -13*f(y) - 6*v(y). Suppose -2*o = 5*o - 63. What is w(o)?
-17
Let z(c) = 9*c + 7. Suppose 0 = -x + 203*s - 207*s - 28, 2*x = 5*s + 22. Calculate z(x).
-29
Let v(b) be the first derivative of -6*b + 98 + 1/2*b**2. Suppose -4*a - 2*i = -a - 28, 2*a - 17 = -i. What is v(a)?
0
Let k(c) = 14*c + 14. Let h(l) = 7*l + 7. Let i(g) = -7*h(g) + 4*k(g). Let v be 284/497 - 53/7. What is i(v)?
-42
Let k(w) = -27*w**3 + 20*w**2 + 20*w + 4. Let y(x) = -5*x**3 + 4*x**2 + 3*x + 1. Let n(u) = -2*k(u) + 11*y(u). Give n(2).
-3
Suppose -24 = -4*f, t + 32 = -10*f + 15*f. Let o(g) = -g - 1. Let c(m) = 14*m + 21. Let r(n) = c(n) + 21*o(n). Determine r(t).
14
Let w(q) = -2 + 2*q - 39*q**3 + q**2 + 22*q**3 + 0*q**2 + 0*q**2 + 19*q**3. Give w(2).
22
Let q(y) = 2*y**3 - 14*y**2 - 3*y - 114. Let j be q(8). Let w(s) = 18*s + 168. Calculate w(j).
-12
Let q(a) be the first derivative of -a**5/10 - a**4/12 + a**3/3 + a**2/2 + 58*a - 74. Let y(l) be the first derivative of q(l). What is y(2)?
-15
Let i be 16*(-7 + 4/8 + 6). Let j(b) = -7*b**2 - 59*b - 19. Determine j(i).
5
Suppose 0 = -20*z + 9*z + 1034. Suppose 8*t - 78 = -z. Let s(f) = 3*f - 3. Determine s(t).
-9
Let a(h) be the third derivative of 19*h**5/120 - 20*h**3/3 + 131*h**2. Let d(k) be the first derivative of a(k). Calculate d(-1).
-19
Let w(g) = 3*g + 15. Suppose -528 = -46*y - 1586. What is w(y)?
-54
Let r(q) be the second derivative of q**6/360 - 7*q**5/120 - q**4/8 - q**3/3 + 17*q**2/2 + 8*q - 4. Let g(a) be the second derivative of r(a). Calculate g(8).
5
Let z(w) = 2*w + 1. Let k = -49 + 49. Suppose k*t + 6*t - 18 = 0. Suppose -t = 2*n - 5. What is z(n)?
3
Let s be (-5)/(-6) + (238/(-12) - -12). Let i(q) = -q**3 - 8*q**2 - 5*q + 4. Determine i(s).
-10
Let f(v) = v**2 + v - 6. Let a = 834 - 831. What is f(a)?
6
Suppose -5 = -b, -5*a - 2*b - 190 = -100. Let c(p) = -p**2 - 24*p + 7. Give c(a).
87
Let k(q) = 11*q - 48. Let z be k(4). Let o be ((-16)/(-12))/(6*z/(-54)). Let a(j) be the third derivative of -j**4/24 + j**3/2 + j**2. Give a(o).
0
Let n(f) = f**2 + 11*f + 5. Let p(v) = 48*v - 587. Let o be p(12). What is n(o)?
5
Suppose 4*g + 6 = 3*i + 19, 2*i + 10 = 2*g. Let y(n) = -8*n + 1. Let j be y(i). Let w = j + -56. Let r(d) = -7*d**3 + d**2 - d + 1. Give r(w).
-6
Let g(d) = -d**3 - d**2 + 27. Let s = -136 + 98. Let i = s - -38. Let x be (1/3 + 0)*i/(-1). Give g(x).
27
Let q(m) = 38*m**2 + 41*m**2 - 22 - 19*m - 38 - 123*m**2 + 43*m**2. Calculate q(-11).
28
Suppose -q + 6 = -2*v + 3, -2*v = -2*q + 4. Let w(h) = 3*h**2 + h**2 + 5*h**3 - 4*h - 3 + 5 - h**2. Let c be w(q). Let x(n) = n**2 - 5*n + 4. Determine x(c).
10
Suppose 0 = 5*u - 8*s + 6*s - 30, 2*u - 12 = -5*s. Let r(f) = -42*f**2 + 24*f**2 + 17*f**2 + u*f + 3. Determine r(8).
-13
Let q(p) = p**2 + 12*p + 26. Let c be q(-12). Let r(v) = -24*v**2 + 49*v**2 - 1 + 3*v - c*v**2 - v. Let k(f) = f - 9. Let u be k(6). What is r(u)?
-16
Suppose -2*c - 3*j = 2, 3*j - 4 = -3*c - 7. Let w(r) = 10*r**3 - 3*r**2 - r + 2. What is w(c)?
-10
Let l(b) be the third derivative of b**4/24 - 7*b**3/6 - 6*b**2. Let v = -46 + 49. Suppose v*s = -2*s + 25. Determine l(s).
-2
Suppose 12*u = u + 1496. Suppose u = -g - 18. Let v = g + 151. Let w(j) = -2*j + 2. What is w(v)?
8
Let z(h) = h. Let c(b) = b**2 - 4*b + 3. Let q be c(2). Let u be q/(0 + -1)*(-5 - -4). Let r(y) = 16*y - 1. Let g(x) = u*r(x) + 5*z(x). Determine g(1).
-10
Let a(f) = 2*f + 2. Let d(j) = -20*j + 14. Let m be d(-8). Let x be (-6)/45 + m/(-45). Calculate a(x).
-6
Let b(q) = -3*q + 14. Let k be b(4). Let f(a) = -5 + a**k + 3 - 81*a - 5 + 86*a. Give f(-5).
-7
Let a = -10 - -10. Suppose 0 = -0*t - 5*t + 3*p + 25, -2*t + 5*p = -29. Suppose a = t*i - 1 - 3. Let n(c) = 7*c. Calculate n(i).
14
Let z(p) = p**3 - 7*p**2 + 3*p + 30. Let w be ((-1)/(-15))/((-48)/160)*(1 + -28). What is z(w)?
12
Let q = -86 - -36. Let y be 186/60 + 5/q. Let l(s) = -s**3 + 5*s**2 - 3*s + 3. Give l(y).
12
Let l(u) be the third derivative of -u**7/1680 - u**6/240 - 34*u**5/15 - 32*u**2. Let i(t) be the third derivative of l(t). What is i(-2)?
3
Let h = 11 - 8. Suppose 0*k = 4*k + 3*p + 9, -39 = 4*k - h*p. Let i(x) = 1 + 91*x**2 - 5*x - 23*x**2 - 27*x**2 - 21*x**2 - 21*x**2. Give i(k).
-5
Let d(q) = -38*q**2 + 15*q + 12. Let j(w) = -34*w**2 + 11*w + 10. Let t(m) = -3*d(m) + 4*j(m). Determine t(2).
-86
Let n(k) = k + 5. Let o be ((-4)/32*-34)/((-4)/(-144)). Let a = 150 - o. What is n(a)?
2
Let i(l) = 7*l**3 + 15*l**2 + 10*l + 7. Let o(a) = -12*a**3 - 29*a**2 - 17*a - 15. Let k(w) = -5*i(w) - 3*o(w). Determine k(-12).
-2
Let v(d) be the third derivative of -11*d**4/24 - 235*d**3/6 - 12*d**2 + 27*d + 3. Determine v(-22).
7
Let l(f) = -f**3 - 9*f**2 + 10*f + 3. Let z be l(-10). Let o(d) be the third derivative of d**6/120 + d**4/12 - d**3/3 + d**2 - 1649*d. Give o(z).
31
Let b(j) = 9*j**2 - 2*j + 5. Let m(u) be the first derivative of -2*u + 21 - 4/3*u**3 + 1/2*u**2. Let n(h) = 6*b(h) + 14*m(h). Determine n(-2).
-10
Let u(z) = 8*z - 114. Suppose 0 = 166*l - 2534 + 376. Determine u(l).
-10
Let a(i) = i**3 + 2*i**2 - 2*i - 1. Let k(b) = 31*b - 15. Let o be k(-2). Let m = 163 + o. Let n = -89 + m. What is a(n)?
-4
Let w(o) = -11 + 16 - 9. Let x(l) = -l + 1. Let q(a) = w(a) + 2*x(a). Calculate q(-2).
2
Let n(y) = 9*y + 21. Let d(j) = 2*j + 3. Let q(o) = o**3 + 7*o**2 - 5*o + 25. Let m be q(-8). Let i(c) = m*n(c) - 6*d(c). Give i(5).
-12
Suppose -r + 3*g - 93 + 86 = 0, 0 = 2*g - 6. Let v(a) = 13*a - 22. Give v(r).
4
Suppose 3*t - 3*k = -18, 0 = 4*t + 13*k - 11*k + 18. Let w(m) = m**2 - m - 6. Determine w(t).
24
Suppose 5*w - 2*r = 0, 4*r - 14 = -0*w